e
Is 450934373 a composite number?
True
Is 3091066649 prime?
False
Is 28444754713 composite?
True
Is 31028609663 composite?
False
Is 10735348073 a composite number?
True
Is 6032608599 prime?
False
Is 13468261067 composite?
True
Is 17364592291 prime?
True
Is 1196073969 a prime number?
False
Is 273367663 a composite number?
True
Is 3351319 a composite number?
False
Is 111983104033 prime?
True
Is 1536485935 a prime number?
False
Is 222191773 a composite number?
True
Is 11613263083 a prime number?
False
Is 23945071259 composite?
False
Is 2076225761 a composite number?
True
Is 22096024089 prime?
False
Is 4625592329 composite?
False
Is 1740729439 a prime number?
True
Is 630153133 composite?
True
Is 238360924771 composite?
False
Is 11005022779 a composite number?
True
Is 38102711 composite?
True
Is 2270774993 a composite number?
False
Is 823419409 composite?
False
Is 5001671 composite?
False
Is 2981596609 composite?
False
Is 139821886 a composite number?
True
Is 127727887489 prime?
False
Is 145780213 a composite number?
True
Is 976261679 a composite number?
True
Is 1605199121 a prime number?
True
Is 2611290047 a prime number?
True
Is 195325503053 composite?
False
Is 29982183211 a composite number?
False
Is 1833530051 composite?
True
Is 426282313 a composite number?
False
Is 155377427619 a prime number?
False
Is 108829609241 a composite number?
False
Is 5834140343 a prime number?
False
Is 108863603 prime?
True
Is 3915494423 a composite number?
False
Is 356547421 prime?
True
Is 835746487 a composite number?
True
Is 8848743317 composite?
False
Is 694067417 prime?
True
Is 64674907327 prime?
False
Is 8562604229 composite?
False
Is 33527713738 a composite number?
True
Is 5351561273 prime?
True
Is 250259561 prime?
True
Is 1621729453 a prime number?
True
Is 7713128363 composite?
False
Is 5053251499 composite?
True
Is 13783813831 prime?
False
Is 4391729777 composite?
True
Is 14515519897 a composite number?
False
Is 215096303 composite?
False
Is 26459160899 a prime number?
True
Is 12888398063 prime?
True
Is 882436127 a composite number?
False
Is 1889280149 a composite number?
True
Is 2175107629 prime?
False
Is 19594523647 composite?
False
Is 24952444417 a composite number?
False
Is 1986436919 prime?
True
Is 3757656499 prime?
True
Is 2199851213 prime?
False
Is 1811551051 a composite number?
False
Is 6251949817 composite?
False
Is 85569060673 a composite number?
True
Is 42332437009 a composite number?
False
Is 39681129659 a prime number?
True
Is 21978703051 prime?
False
Is 305349107 prime?
False
Is 26997678353 composite?
True
Is 628030583 prime?
False
Is 13916713933 a composite number?
False
Is 2749855309 composite?
False
Is 25651900877 prime?
False
Is 223856473 a prime number?
True
Is 142761188699 a composite number?
False
Is 23270240111 a composite number?
True
Is 525628481 prime?
False
Is 11205432977 prime?
True
Is 801356327 a composite number?
False
Is 235770421 a composite number?
True
Is 1407221687 prime?
True
Is 8163018361 a composite number?
False
Is 45775483759 a composite number?
False
Is 177125183 prime?
True
Is 3694691067 prime?
False
Is 37836816623 a prime number?
False
Is 9676334113 a composite number?
False
Is 720818093 a prime number?
False
Is 883584263 a composite number?
False
Is 29834009509 a composite number?
False
Is 370734829999 a prime number?
False
Is 4062575773 a composite number?
True
Is 3198683357 prime?
True
Is 4745606947 composite?
True
Is 20027870939 composite?
True
Is 3315215911 composite?
True
Is 9224010163 prime?
True
Is 2615356589 a prime number?
False
Is 7639536911 a prime number?
True
Is 70814126017 a composite number?
True
Is 18430195933 composite?
False
Is 1274408389 composite?
True
Is 28878313721 composite?
True
Is 12836276129 a prime number?
True
Is 36368623931 a prime number?
False
Is 2050418281 prime?
False
Is 880781831 a prime number?
True
Is 57672749 a prime number?
False
Is 2520727427 a prime number?
True
Is 55610722733 a prime number?
False
Is 4259192327 composite?
True
Is 23332440259 prime?
False
Is 4650287879 composite?
False
Is 1248185833 prime?
True
Is 16884323399 a composite number?
False
Is 8026110319 a prime number?
False
Is 707660827 composite?
False
Is 5149074967 prime?
True
Is 44793774647 prime?
False
Is 342626743 prime?
True
Is 5153382791 a prime number?
True
Is 34463784979 prime?
False
Is 597850859 a composite number?
True
Is 4155221621 prime?
True
Is 5510048461 composite?
True
Is 4916192167 a composite number?
True
Is 4597067671 a composite number?
True
Is 2683330451 composite?
True
Is 70215047603 prime?
True
Is 54397142879 prime?
True
Is 23712569809 a prime number?
False
Is 1168670119 a composite number?
True
Is 16701622757 a composite number?
False
Is 1379230526 a composite number?
True
Is 34014121769 prime?
False
Is 278354501 prime?
False
Is 35800221811 a composite number?
False
Is 49850092703 a prime number?
False
Is 7205827411 prime?
True
Is 104347129 a prime number?
False
Is 14319310609 composite?
True
Is 1352842039 a prime number?
True
Is 14846331959 prime?
False
Is 43263016609 a prime number?
False
Is 2782745959 a prime number?
False
Is 472255909 a prime number?
True
Is 30782552737 a composite number?
False
Is 10952494129 composite?
False
Is 1706937982 composite?
True
Is 158074823285 a prime number?
False
Is 2953713361 a prime number?
True
Is 23308748999 a composite number?
True
Is 30150406721 a composite number?
False
Is 2235756907 a prime number?
False
Is 3297657887 a prime number?
False
Is 14543306737 a prime number?
False
Is 792720757 composite?
True
Is 23367671633 composite?
False
Is 758069539 composite?
True
Is 20216423 a composite number?
True
Is 22407069281 a prime number?
True
Is 710620637 composite?
False
Is 946017899 a prime number?
False
Is 760684811 a composite number?
False
Is 5796911711 a composite number?
False
Is 52944065501 prime?
True
Is 915680159 a composite number?
False
Is 1462887991 composite?
False
Is 95707691903 prime?
False
Is 1868379031 a prime number?
False
Is 11462080393 composite?
False
Is 375522717 a prime number?
False
Is 5615389961 composite?
False
Is 865161547 prime?
False
Is 1104534401 a composite number?
False
Is 126580952657 a prime number?
False
Is 2453940537 a composite number?
True
Is 710692733 a prime number?
True
Is 32818355371 composite?
True
Is 615207377 composite?
True
Is 504002921 composite?
True
Is 19020470699 a prime number?
True
Is 542829097 a composite number?
False
Is 1714709509 a prime number?
False
Is 201958772779 a composite number?
True
Is 1202380051 prime?
True
Is 865632373 composite?
False
Is 2401891799 a prime number?
True
Is 991597199 a prime number?
False
Is 6377237107 prime?
True
Is 9055158757 composite?
True
Is 3781967473 a composite number?
False
Is 861290887 composite?
True
Is 3844355237 a prime number?
False
Is 14312285389 composite?
False
Is 108723583 composite?
True
Is 532740977 a composite number?
False
Is 556097807 a prime number?
False
Is 12743499191 prime?
True
Is 1577446427 a prime number?
True
Is 20230548853 composite?
True
Is 2782816919 prime?
False
Is 671442763 a prime number?
True
Is 17358512753 a composite number?
False
Is 46710813059 composite?
True
Is 2090628377 composite?
True
Is 316015919 a prime number?
True
Is 19217373317 prime?
False
Is 477147161 a prime number?
True
Is 24280611643 prime?
True
Is 241142309 prime?
False
Is 756419155 a prime number?
False
Is 232079179 a prime number?
True
Is 225913621 a prime number?
False
Is 6811075643 composite?
True
Is 19270858043 a prime number?
False
Is 13123252783 a prime number?
True
Is 153291179 prime?
True
Is 345914003 a composite number?
False
Is 30209532797 composite?
True
Is 4757732923 a composite number?
False
Is 19362884333 composite?
True
Is 752784719 composite?
True
Is 68288183627 a prime number?
False
Is 425844808681 prime?
True
Is 15388821839 a composite number?
True
Is 30911821 a composite number?
False
Is 62826618919 a prime number?
False
Is 440036881 prime?
True
Is 2487258979 a prime number?
False
Is 458295641 a composite number?
False
Is 81934133443 prime?
False
Is 222607247 composite?
False
Is 11515689817 a prime number?
True
Is 147403279153 a composite number?
True
Is 6971257633 prime?
False
Is 46504499621 prime?
True
Is 1144309081 a composite number?
Fa